).
-2
Let q be (-114)/(-21) + (-8)/(-14). Suppose 0 = -q*n - 5 - 7. Let a be ((-3)/1 - 1)/n. Let x(b) = b**3 - 4*b**2 + 2. Give x(a).
-6
Let n(u) = 36*u**2 - u**3 + 3 - 28*u**2 - 18*u**2 - 8*u. Calculate n(-9).
-6
Suppose 0 = 4*x - 64 + 116. Let b(s) = -s**2 - 13*s - 13. Give b(x).
-13
Let z be 355/25 - 8/(-10). Suppose y = z - 12. Let s = y - -2. Let l(q) = q**3 - 5*q**2 + 2*q - 4. Calculate l(s).
6
Let i(g) = -5 - 3 - 23*g + 64*g - 17*g - 25*g. What is i(-6)?
-2
Let l(m) = m**3 + 2*m**2 + m - 2. Suppose 12 = 6*t - 9*t. Let d be t/24*-2*-6. Give l(d).
-4
Let m(t) be the first derivative of t**4/8 + t**3 + 5*t**2 - 20. Let k(z) be the second derivative of m(z). Determine k(-5).
-9
Let x(t) = 6*t - 12. Let l(a) = a - 7. Let u(m) = 2*l(m) - x(m). What is u(7)?
-30
Let x(o) = o**2 + 7*o + 5. Let m be (-5)/5 + (1 - (-7)/(-1)). Calculate x(m).
5
Let z(r) = -r - 8. Let t be z(-7). Let p(b) = 14 + 6 - 24 + 5 - 11*b**2. What is p(t)?
-10
Suppose -d = 2*d. Let u(l) = 2*l - l**3 + 0*l**3 + 4*l**2 + d*l**2 + 1. Let c = 360 - 355. Calculate u(c).
-14
Suppose 8 = -3*z - 40. Let w be (-52)/z + 9/12. Suppose w*b + b = -4*m + 3, -4*b - 14 = -5*m. Let l(y) = -y**2 + y. Determine l(b).
-2
Let a be 9 + (5 + -10 - (-2 + 0)). Let v(s) = s**3 - 5*s**2 - 6*s + 5. Let n(t) = -1. Let k(z) = 5*n(z) + v(z). Give k(a).
0
Let b(n) = 6*n + 4*n**3 + 2*n**3 + 4 + 3 - 3*n**2 + 3*n**3 - 10*n**3. What is b(-4)?
-1
Let m be 46/8 - 3/(-12). Let s(f) = -4*f**2 + 2*f**2 + 2*f**2 - 4*f + 5*f**2 - 4*f**2 - 7. Calculate s(m).
5
Let s(r) = 7 + 6*r - 2*r - 2. Let t(h) = -h**2 + 5*h + 6. Let b(a) = 4*s(a) - 3*t(a). Determine b(-2).
12
Let p = 14 - 12. Let m(l) be the first derivative of -l**3/2 + l**2 - 3*l + 1. Let x(f) be the first derivative of m(f). Give x(p).
-4
Let u(z) = -z. Let r(w) = -2*w**2 - 4*w + 1. Let v be r(0). Determine u(v).
-1
Suppose y + 3*y = -h + 25, 5*y - 5*h = 0. Suppose z + 6 = 3*q, 3*q - 7 = 3*z + y. Let d(j) = 8*j - 2. Give d(q).
6
Let v be (-35)/(-2)*16/20. Let t = -12 + v. Let z(b) = 30 - 2*b**t + b - 30. Give z(2).
-6
Let x(a) = -a - 6. Suppose -4*g - 35 = -4*k + g, -5*k + 54 = 4*g. Suppose -k = -s - 4*s. Let c be -3*s*(2 - 1). Determine x(c).
0
Let b = 18 + -6. Suppose 3*y + b = 0, -4*s + y = -4*y - 36. Let n(g) = 5*g - s - 6*g + g + g. What is n(0)?
-4
Let k(c) = 13*c - 30*c + 4*c**2 - 2 + 16*c. Let f be ((-2)/(-4))/((-1)/(-4)). Give k(f).
12
Let b(g) = -4*g + 1. Let i be (-3 + 5/3)*(-1 + -5). Suppose -4*m - 4*c - 32 = 0, 4*m - 8*c = -3*c - 14. Let w = i + m. Calculate b(w).
-7
Let n(f) = -6*f - 10. Let u(t) = 14*t + 22. Let a(c) = 9*n(c) + 4*u(c). Give a(5).
8
Let f(l) be the third derivative of -l**6/60 + l**5/30 + l**3/2 + 412*l**2. Calculate f(2).
-5
Let x(q) be the second derivative of 1/12*q**4 + 0 + 1/6*q**3 - 15*q + 3/2*q**2. What is x(0)?
3
Let g(a) = -3*a + 3. Let h be g(3). Let w(p) = -p**2 - p + 8. Let y be w(-7). Let b(r) = -12*r + 17. Let c(v) = 2*v - 3. Let l(t) = h*b(t) + y*c(t). Give l(1).
4
Let o(f) = -3*f**2 + f**2 - 1204 + 612 - 5*f + 594 + f**2. Let r be (6/(-1))/(-3 - -4). Give o(r).
-4
Let r(z) = z**2 + 48*z + 356. Let x be r(-39). Let h(n) = 2*n - 10. What is h(x)?
0
Let t(g) = -g - 3. Let w(i) = i + 2. Let n(l) = 2*t(l) + 3*w(l). Suppose 9*o - 60 + 114 = 0. What is n(o)?
-6
Suppose 0 = 5*u - 0*u. Suppose 25 = 5*g - u*g. Let i(r) = -r - 5. Let k(o) = 4*o + 14. Let w(p) = -7*i(p) - 2*k(p). Give w(g).
2
Let f = 9 - 6. Let s(z) = -z**2 + 3*z + 4. Let w be s(f). Let b(u) be the third derivative of -u**5/30 + 5*u**4/24 + u**3/3 + 19*u**2. Give b(w).
-10
Let f(m) = m + 9. Let z = -72 + 74. Suppose -5*j = -u - 20, 0*u - z*u - 24 = -2*j. Calculate f(u).
-1
Let r(k) = k + 8. Suppose -15*c + 11 = 116. Calculate r(c).
1
Suppose -2*w - 1 + 2 = -3*l, 0 = -3*l + 4*w - 11. Suppose 10*i = 5*i - 15, -2*f - l*i = -1. Let j(q) = -q + q**3 - 2*q**3 - 3 + 5 + f*q**2. What is j(5)?
-3
Let d(o) = 4*o + o**2 - 2*o**2 + 3 + 0. Suppose -141 = -5*a - 1. Let x(k) = -2*k + 60. Let j be x(a). Calculate d(j).
3
Let l(o) = -826 + 1626 - 2*o - 822. Determine l(-6).
-10
Let f(y) = -y**2 - y + 4. Suppose 3*s = -l, 10*s = -3*l + 14*s - 13. What is f(l)?
-2
Let c(b) be the second derivative of b**5/15 - b**4/24 + b**3/3 - 2*b. Let l(h) be the second derivative of c(h). Give l(-2).
-17
Suppose 56*y = 27*y + 116. Let b(l) = 0*l - 3*l + 2 + 0*l. Give b(y).
-10
Let n(b) be the third derivative of -1/6*b**3 - 1/180*b**6 + 0*b**5 + 0*b - 5*b**2 - 1/24*b**4 + 0. Let f(v) be the first derivative of n(v). Give f(2).
-9
Suppose f = 0, -3*n - f = -3*f - 3. Let k be -2*(n + (-3)/(-2)). Let t(m) = -m**3 - 6*m**2 - 4*m + 3. What is t(k)?
-2
Let x = -428 - -417. Let u(b) = 2*b + 25. What is u(x)?
3
Let g(n) = 11*n + 122 - 119 - 15*n. What is g(3)?
-9
Let a(b) = 4*b**2 - 10. Let r(x) = -7*x**2 + 21. Let g(l) = -5*a(l) - 3*r(l). Determine g(4).
3
Let b(h) = 7*h**3 + 6*h**2 - 7*h - 5. Let m(t) = 6*t**3 + 5*t**2 - 6*t - 4. Let f(g) = 5*b(g) - 6*m(g). Calculate f(1).
-1
Let h(s) be the second derivative of -s**4/6 - 27*s**2/2 + 18*s. Let z(n) be the first derivative of h(n). What is z(-2)?
8
Let g = 31 - 33. Let h(n) = 10*n**2 - 28*n - 12. Let q(w) = -3*w**2 + 9*w + 4. Let j(i) = g*h(i) - 7*q(i). What is j(6)?
-10
Let d(t) be the second derivative of 8*t**3/3 - t**2/2 + 27*t + 2. Let l be (2/3)/(12/(-18)). Determine d(l).
-17
Let x(h) = h**3 + 9*h**2 - 10*h + 4. Let m be 7 + (3/(-1) - 1). Suppose 0 = -n + g - 11 - 4, -m*n - 4*g - 10 = 0. Give x(n).
4
Let c(d) = -2*d - 7. Let u = 16 + -24. Let p be c(u). Let s(b) = -b - 3 - p*b + 2. Calculate s(-1).
9
Let c(g) = -12*g + 10*g - 1 + g**2 + 9*g + 0. Suppose 0 = -6*u - u - 49. Determine c(u).
-1
Let i(y) be the first derivative of 19 - 1/2*y**2 - 3*y. Give i(0).
-3
Let w(i) = i - 4. Let o be w(2). Let c(q) = 5*q + 15. Let n(g) = g + 0 + 5 - 1. Let f(s) = o*c(s) + 9*n(s). Determine f(5).
1
Let u(j) = -j + 11. Let m be 2*(4 - (-3)/6). Let h be m + -3*4/12. What is u(h)?
3
Let j(d) = -d**2 + d - 2. Let a(b) = 2*b**2 - 7*b. Let f(g) = -a(g) - 3*j(g). Give f(-4).
6
Let m(u) be the third derivative of -u**4/24 - u**3 + u**2 - 183*u. What is m(6)?
-12
Let z(q) = -q**3 - 2*q**2 + q - 5. Let g(a) = a**3 - 51*a**2 + 99*a - 49. Let v be g(49). What is z(v)?
-5
Let k be (1*6)/(12 + -9). Let b be -2 - (6/10 - k/(-5)). Let s(o) = o**2 + 5*o + 3. What is s(b)?
-3
Suppose 4*x - 4 = m - 0, 3*x = 3*m + 3. Let s(h) = 2*h + 18. What is s(m)?
18
Let t(w) = w**2 + 4*w - 8. Let z be t(-6). Let p(k) = -5*k**2 + z*k**2 + 5 + 9*k - 7*k. Calculate p(5).
-10
Let n(q) = -2*q - 3 - 3*q + 4*q. Let p be n(-2). Let u(o) be the second derivative of 7*o**4/12 + o**2/2 - 934*o. Give u(p).
8
Let n(v) = -v**2 + 4*v - 4. Let i = -167 - -172. Determine n(i).
-9
Let b = -264 + 276. Let f(l) = -l + 13. What is f(b)?
1
Let w(f) be the second derivative of f**5/20 + 7*f**4/12 - 3*f**3 - 3*f**2 + 883*f. What is w(-9)?
-6
Suppose 3*m = 6*m - 27. Let x(h) = h + 16 + 9 - m + h**3. Calculate x(0).
16
Let o(u) be the first derivative of -u**4/4 - 5*u**3/3 - 3*u**2 - 11*u + 513. Calculate o(-4).
-3
Let t = 1507 - 1516. Let k(q) = -q**2 - 11*q - 8. Give k(t).
10
Let r(b) be the first derivative of -b**4/4 + 5*b**3/3 - 5*b**2/2 - b - 1. Suppose -2*k + 16 = 10*s - 8*s, 0 = s + 5*k - 24. What is r(s)?
-5
Let t = 21 + -25. Let w(q) = 241 + 0*q + 2*q + 237 - 475 - 3*q. Give w(t).
7
Let l(z) = -7*z**3 + 2*z**2 - 6*z - 7. Let c(n) = -2*n**3 - n**2 - 2*n. Let d(a) = -3*c(a) + l(a). Calculate d(4).
9
Let l(x) = -x**3 - 6*x**2 - 4*x + 7. Let r = -24 + 28. Let p(k) = 5 + 2 - 5 + 5 - r*k. Let b be p(3). Give l(b).
2
Let o(g) = 3*g**2 - 1 - 2*g**2 + 3 + 4*g. Let m be (2 - (-1 - -5))/(2 - 0). Let y = m - 1. What is o(y)?
-2
Suppose -8*d + 295 = 263. Let t(v) = -10*v + 5. Give t(d).
-35
Suppose -126 + 104 = -22*c. Let s(k) = -7*k**3 - k**2 + k + 1. Give s(c).
-6
Let z = 12 - 8. Suppose 5*w - b = z*b + 25, 5 = -w - 4*b. Let t be 104/(-39)*w/(-4). Let l(k) = -k + 1. Determine l(t).
-1
Let l(j) = -6*j - 6. Let c(u) = u**2 - 5*u - 8 + u + 0*u**2 - 1. Let a be c(5). Calculate l(a).
18
Let u be -1*1 + 5*-1. Let a(j) = -j - 2. Let g(w) = -26 + 6 + 13 + 8. Let l(t) = a(t) + 5*g(t). Give l(u).
9
Let c(y) be the second derivative of 2*y**3/3 + y**2/2 - y + 383. Suppose -3 = -4*x + 1. Determine c(x).
5
Let u(q) = q 